{"id":643,"date":"2025-02-24T16:33:09","date_gmt":"2025-02-24T16:33:09","guid":{"rendered":"https:\/\/www.veloserwis.pl\/?page_id=643"},"modified":"2025-02-24T16:49:43","modified_gmt":"2025-02-24T16:49:43","slug":"jazda-testowa","status":"publish","type":"page","link":"https:\/\/www.veloserwis.pl\/index.php\/jazda-testowa\/","title":{"rendered":"Jazda testowa"},"content":{"rendered":"\n<p>Jazda testowa to kilkunastominutowa przeja\u017cd\u017cka po okolicy. Mamy w okolicy do dyspozycji \u015bcie\u017ck\u0119 rowerow\u0105 nad zalewem rybnickim oraz do\u015b\u0107 stromy podjazd by sprawdzi\u0107 jak rower sobie radzi z du\u017cym nachyleniem.<br>Um\u00f3w si\u0119 na jazd\u0119 testow\u0105! tel. 794 438 843<br><\/p>\n\n\n\n<figure class=\"wp-block-image size-full\"><img loading=\"lazy\" decoding=\"async\" width=\"670\" height=\"447\" src=\"https:\/\/www.veloserwis.pl\/wp-content\/uploads\/2025\/02\/esconder-fsx2.webp\" alt=\"\" class=\"wp-image-597\" srcset=\"https:\/\/www.veloserwis.pl\/wp-content\/uploads\/2025\/02\/esconder-fsx2.webp 670w, https:\/\/www.veloserwis.pl\/wp-content\/uploads\/2025\/02\/esconder-fsx2-300x200.webp 300w, https:\/\/www.veloserwis.pl\/wp-content\/uploads\/2025\/02\/esconder-fsx2-600x400.webp 600w\" sizes=\"auto, (max-width: 670px) 100vw, 670px\" \/><\/figure>\n","protected":false},"excerpt":{"rendered":"<p>Jazda testowa to kilkunastominutowa przeja\u017cd\u017cka po okolicy. Mamy w okolicy do dyspozycji \u015bcie\u017ck\u0119 rowerow\u0105 nad zalewem rybnickim oraz do\u015b\u0107 stromy podjazd by sprawdzi\u0107 jak rower sobie radzi z du\u017cym nachyleniem.Um\u00f3w si\u0119 na jazd\u0119 testow\u0105! tel. 794 438 843<\/p>\n","protected":false},"author":1,"featured_media":0,"parent":0,"menu_order":0,"comment_status":"closed","ping_status":"closed","template":"","meta":{"neve_meta_sidebar":"","neve_meta_container":"","neve_meta_enable_content_width":"","neve_meta_content_width":0,"neve_meta_title_alignment":"","neve_meta_author_avatar":"","neve_post_elements_order":"","neve_meta_disable_header":"","neve_meta_disable_footer":"","neve_meta_disable_title":"","footnotes":""},"class_list":["post-643","page","type-page","status-publish","hentry"],"_links":{"self":[{"href":"https:\/\/www.veloserwis.pl\/index.php\/wp-json\/wp\/v2\/pages\/643","targetHints":{"allow":["GET"]}}],"collection":[{"href":"https:\/\/www.veloserwis.pl\/index.php\/wp-json\/wp\/v2\/pages"}],"about":[{"href":"https:\/\/www.veloserwis.pl\/index.php\/wp-json\/wp\/v2\/types\/page"}],"author":[{"embeddable":true,"href":"https:\/\/www.veloserwis.pl\/index.php\/wp-json\/wp\/v2\/users\/1"}],"replies":[{"embeddable":true,"href":"https:\/\/www.veloserwis.pl\/index.php\/wp-json\/wp\/v2\/comments?post=643"}],"version-history":[{"count":2,"href":"https:\/\/www.veloserwis.pl\/index.php\/wp-json\/wp\/v2\/pages\/643\/revisions"}],"predecessor-version":[{"id":670,"href":"https:\/\/www.veloserwis.pl\/index.php\/wp-json\/wp\/v2\/pages\/643\/revisions\/670"}],"wp:attachment":[{"href":"https:\/\/www.veloserwis.pl\/index.php\/wp-json\/wp\/v2\/media?parent=643"}],"curies":[{"name":"wp","href":"https:\/\/api.w.org\/{rel}","templated":true}]}}